 = 7 - 10. Determine g(t).
2
Let r(o) = 3*o + 10. Let i(d) = 7*d + 48. Let l be i(-8). Calculate r(l).
-14
Let r(t) = -6*t - 1. Let o(s) = 18*s + 3. Let v(l) = -4*o(l) - 11*r(l). Determine v(1).
-7
Let m = -45 - -47. Let d(b) = 7 - 5*b**2 - b**m + 5*b**2 + 9*b. What is d(9)?
7
Let i(f) = 6*f**2 - 4. Let g(c) = c**2 + c - 1. Let u(t) = -5*g(t) + i(t). Let y be u(6). Let x = y - 9. Let w(b) = 2*b**2 + b - 2. Calculate w(x).
4
Let c(m) = -m**2 + 2*m + 2. Suppose 5*f + 315 = -4*f. Let z = -31 - f. What is c(z)?
-6
Let p(u) = -u**2 - 4*u + 1. Let z = 5 - 17. Let r(m) = -m**2 - 14*m - 24. Let b be r(z). Suppose -c = -b + 5. What is p(c)?
-4
Let v(u) = -2*u**3 - 4*u**2 - 3*u - 1. Let j = 33 + -41. Suppose i - 5*i + 24 = 0. Let c = j + i. Calculate v(c).
5
Let q be ((-300)/(-750))/((1/10)/1). Let a(p) = 2*p**2 - 8*p + 10. What is a(q)?
10
Let z be 0/(9 + -2 + -5). Let t(a) be the first derivative of -1 + 1/2*a**2 + 6*a. Give t(z).
6
Let a(y) be the second derivative of y**4/6 + y**3 - y**2 - y - 40. Give a(-4).
6
Let w(a) = -a**2 - a + 11*a - 7 + a. Let b be w(10). Let c(s) = -3 + 2 - s + s**3 + 0*s**b. Determine c(-2).
-7
Let w be -8*1/(-2)*-1. Let g(t) be the second derivative of t**3/6 + 3*t**2/2 + 35*t - 5. What is g(w)?
-1
Let r(s) = 3*s + 4. Suppose -3*v - 8 = -2*k + 6, -2*v = 3*k - 21. Suppose -9*y = -k*y - 442. Let x be (-637)/y - 4/34. What is r(x)?
-5
Let j(l) = -l**2 + l + 2. Let w(v) = v**2 - 7. Let s(y) = 3*j(y) + w(y). Calculate s(2).
-3
Let f(r) = 5*r**2 - 10*r + 13. Let u(y) = -y**2 + y - 1. Suppose -1 = -4*h + i - 21, 28 = -2*h - 4*i. Let a(x) = h*u(x) - f(x). What is a(-5)?
-2
Let x = -88 - -81. Let z(h) = h**3 + 8*h**2 + 3*h - 5. Give z(x).
23
Suppose -5*k = -25 + 20. Let m(z) = -4*z + 3. Calculate m(k).
-1
Let f(h) = 7 - 3*h - 4*h**2 + 4*h + 3*h**2. Let w(q) = -2*q**3 + 5*q**2 - 4*q - 3. Let y be w(3). Let c be -3*(-4)/y*0. Determine f(c).
7
Let u(d) = 1671*d**2 - 4*d + 5 - 4*d + 27*d - 1670*d**2. Determine u(-19).
5
Let n(i) = i**3 + 6*i**2 - 8*i - 4. Let d(t) = 2*t**2 + 33*t - 24. Let g(p) = -p**2 - 12*p - 37. Let o be g(-10). Let m be d(o). Determine n(m).
3
Let t(r) = 13*r**3 + 101 - 99 + r - 15*r**3. Let n be ((-5)/3 - -1)*-3. Give t(n).
-12
Let q be (8/(-3))/((-10)/15). Let n(i) = -6*i - i + 2 + q*i - i**3 - 5*i**2. Determine n(-4).
-2
Let u(l) = -12*l**2 - l. Suppose -70*q - 5 - 65 = 0. Determine u(q).
-11
Suppose -84*j = -86*j - 20. Let g(t) = t**3 + 11*t**2 + 12*t + 4. Determine g(j).
-16
Let a(s) be the third derivative of s**4/24 + 5*s**3/2 - 5*s**2 - 3. Give a(-6).
9
Let y(g) = -g - 6. Let l(b) = b + 7. Let v(w) = 2*l(w) + 3*y(w). Let h = 179 + -179. Give v(h).
-4
Let d(y) = -14 + 3 + 6*y + 2*y. Let x(f) = 3*f - 4. Let b(g) = -4*d(g) + 11*x(g). Let u be (1 - (-11)/(-5))/(78/260). Give b(u).
-4
Suppose 0 = -5*t - 5*g + 20, -t - t + 5*g = -22. Let c(u) = -t*u + 6*u + 4 + u**2. Let i be c(0). Let y(x) = -x**3 + 6*x**2 - 6*x + 1. What is y(i)?
9
Let j(g) = g - 3. Let m be 4/(-54)*-3 - 249/27. Calculate j(m).
-12
Let q(n) = -7*n**2 + 13*n - 12. Let s = 10 - -8. Let g = 24 - s. Let u(x) = 6*x**2 - 12*x + 11. Let c(f) = g*u(f) + 5*q(f). Calculate c(4).
-6
Let k(s) = -s**2 + 5*s. Let g = 31 + -29. Suppose -g*m - 4 = -3*m - 2*b, -m = b - 3. Let c be 11/m - (-6)/12. Give k(c).
-6
Let n(w) = w**2 + 1. Let m be 8 + (-11 - -4 - -3). Suppose -2*d + m*l - 2 = -8, -2*l = -6. Let c = d + -7. Determine n(c).
5
Let h(j) = -j + 28. Suppose -4*f = -9*f + 3*f. Give h(f).
28
Suppose 0*m - 5*m - 30 = 0. Let r = 0 + m. Let c(a) = 5*a**2 + 5*a + 7. Let u(t) = -6*t**2 - 4*t - 7. Let d(p) = 5*c(p) + 4*u(p). Determine d(r).
-11
Let b(z) = z + 15. Suppose -6*u + 11*u + 5*k - 10 = 0, 5*k = 0. Suppose x + u*n - 3*n - 1 = 0, 3*x + 5*n + 5 = 0. Calculate b(x).
15
Let r = 51 + -44. Let f(g) = 6*g - 10 - 6*g**2 + 5*g**2 + r + 8. Calculate f(6).
5
Let y(s) be the second derivative of -s**6/360 + s**5/60 + s**4/12 - s**3/6 + 11*s**2 - 2*s - 27. Let p(u) be the second derivative of y(u). What is p(-3)?
-13
Suppose -6 - 20 = -5*h + 4*f, 3*h - 4*f = 14. Let y(d) = -2 + 624*d**2 - 315*d**2 - d**3 - 303*d**2. Determine y(h).
-2
Let m(l) = -l**2 - l + 3. Let t(p) = -2*p**2 + 3. Let h(i) = -3*m(i) + 2*t(i). Give h(6).
-21
Let r(q) be the second derivative of -q**3/6 + q**2/2 + 2*q. Let c(u) = 7*u + 3. Suppose -2*x + 0 = -2. Let s(w) = x*c(w) - 3*r(w). Calculate s(-1).
-10
Let u(q) = -q**3 + 4*q**2 + 3*q - 13. Let k(y) = 2*y**3 - 7*y**2 - 6*y + 24. Let l(v) = -6*k(v) - 13*u(v). Calculate l(10).
-5
Let v(h) be the third derivative of 11*h**5/60 - h**4/24 - h**3/6 - 2*h**2. Let t be -6 + 0 - 3/(3/(-5)). Give v(t).
11
Let p(g) = 1. Let x(a) = 2*a - 10. Let l(y) = -p(y) - x(y). Suppose -k - 7 + 2 = 0, -4*f + 2*k = -22. Suppose 2 = -c, -2*s - f*c + 3 = -3. Give l(s).
-3
Let f(m) = -91 + 3*m + 46 - m + 44. Calculate f(-1).
-3
Let o(c) = c**2 + 6*c + 7. Let w be o(-5). Let d(x) = -x**2 + 6*x + 15. Let j be d(7). Suppose -j = -2*z - w*z. Let m(h) = -h + 1. Calculate m(z).
-1
Suppose -5*y = 5*r - 6 + 1, 10 = -2*y + r. Let v(j) = -j**2 - 3*j + 2. What is v(y)?
2
Let t(z) = -4*z**3 + 6*z**2 + 4*z - 5. Let r(y) = y + 19. Let w be r(-14). Let x(a) = 7*a**3 - 12*a**2 - 7*a + 10. Let h(p) = w*t(p) + 3*x(p). Give h(6).
-1
Let c be (6 - -2) + 27 + -30. Let m(o) be the third derivative of -1/4*o**4 + 1/6*o**3 + 1/12*o**c + 1/120*o**6 + 0 + 0*o + 2*o**2. Determine m(-6).
1
Let f(u) be the second derivative of -2*u**2 - 1 - 1/6*u**3 + 43*u. Let k(y) = y**3 - 3*y**2 + 2*y - 3. Let c be k(3). Determine f(c).
-7
Let r(v) = v**2 + 4*v - 109. Let b be r(-13). Let o(y) = -y**3 - y**2 + y - 1. Let a(f) = -5*f**3 + 4*f**2 + 6*f - 11. Let x(u) = a(u) - 4*o(u). Calculate x(b).
9
Let n(o) be the first derivative of 3*o**2 + 6*o - 9. Let x(g) = -2*g - 2. Let w(y) = 3*n(y) + 10*x(y). Calculate w(-3).
4
Let z(a) = 0*a - 5722 + 6*a + 5709 - 3*a. Determine z(12).
23
Let t = -105 - -94. Let k(f) = -f**3 - 10*f**2 + 12*f - 7. Determine k(t).
-18
Let i(y) be the third derivative of y**5/60 - 5*y**4/12 + 4*y**3/3 + 2*y**2 - 50*y. Calculate i(11).
19
Suppose -b + 3*m = -12, 23 - 19 = 2*b - m. Let j(u) be the first derivative of u**4/4 + u**3/3 + u**2/2 - 10*u - 1. Determine j(b).
-10
Let o(w) = -2*w + 12. Suppose 0 = 9*v - 279 + 207. Give o(v).
-4
Let a(k) be the second derivative of -k**3/6 - 19*k**2/2 - 259*k. Let o be 1/4 + 1/(-4). Calculate a(o).
-19
Let c(i) = 4*i**3 - 8*i**2 - 4*i - 4. Let k(w) = w**3 - 3*w**2 - w - 1. Let f(x) = -2*c(x) + 7*k(x). Let o be (7 + 0)/(-7) + 8/(-2). What is f(o)?
-4
Let q(r) = -6*r + 5. Let g(y) = 29*y - 27. Let v(w) = 2*g(w) + 11*q(w). Determine v(-2).
17
Suppose 0 = -4*w + 4*h - 12, -5*h + 21 = -3*w + 6. Let f(y) be the second derivative of y**3/6 + 9*y**2 + 2*y. Give f(w).
18
Suppose -4*w - 10 = -22. Let u(z) = 5 - z - 7*z + 9*z**2 + 7*z - z**w. Determine u(9).
-4
Let m be ((-5)/4)/(3/(-24)). Let u(q) = q - 14. Let o be u(m). Let f be (o/(-3))/((-6)/9). Let w(n) = -n**3 - 3*n**2 - 2*n + 1. Calculate w(f).
1
Let t be 10/(-2)*24/10. Let w = -11 - t. Let i(b) = -b**3 + b**2 - 2*b**2 + w + b - b**2. Determine i(-2).
-1
Let b = -51 - -43. Let h(t) = -t**2 - 7*t + 5. Give h(b).
-3
Let u be ((-1)/1)/(4 - 3). Let h(j) = j + 1 - 6*j**3 - 1324*j**2 + 662*j**2 + 661*j**2. What is h(u)?
5
Let g(u) = 3*u**3 - 4*u**2 + 26*u - 1. Let c(z) = -z**3 + z**2 - 9*z. Let y(b) = 11*c(b) + 4*g(b). Let d be y(4). Let j(r) = r**3 - r**2 + 8. Give j(d).
8
Let i(s) = -s**3 + 6*s**2 + 10*s - 21. Let u be i(7). Suppose 3*w = -u*p + 5*p + 18, -7 = 5*w + 4*p. Let l(k) = 7*k - 1. Calculate l(w).
6
Let w(j) = j**3 + 7*j**2 - 9*j - 14. Suppose 23*m - 17 + 201 = 0. Calculate w(m).
-6
Suppose 0 = 37*a - 31 - 228. Let z(i) = i**3 - 7*i**2. Determine z(a).
0
Let b(n) = 2*n**2 - 1. Suppose -4*w + 16 = 8. Determine b(w).
7
Let g(s) = 2*s - 10. Suppose -29*q - 34 = 198. Determine g(q).
-26
Suppose r - 6*s + 10*s + 14 = 0, r = 5*s + 13. Let z(q) = -3*q + 3. Calculate z(r).
9
Let q(p) = -p**3 - 3*p**2 - 2*p + 1. Suppose 0 = 7*o - 9*o. Let k be o - -3 - (-18 - -23). Calculate q(k).
1
Let a(q) = q - 4. Let f = -43 + 68. Suppose -f = p + 4*b, 0*p + 3*p + 5*b = -40. Calculate a(p).
-9
Let q(m) = -5*m**2. Let f(k) = -4*k**2 - k. Let o = 21 + -18. Let b(u) = o*q(u) - 4*f(u). Determine b(-6).
12
Let l(g) = g - 1